{"id":757,"date":"2021-11-28T06:08:34","date_gmt":"2021-11-28T05:08:34","guid":{"rendered":"https:\/\/autourdulac.com\/editions\/?page_id=757"},"modified":"2021-12-15T02:54:08","modified_gmt":"2021-12-15T01:54:08","slug":"livre-presences-discretes","status":"publish","type":"page","link":"https:\/\/autourdulac.com\/editions\/nos-livres\/livre-presences-discretes\/","title":{"rendered":"Livre Pr\u00e9sences discr\u00e8tes"},"content":{"rendered":"\n<div class=\"wp-block-columns is-layout-flex wp-container-4\">\n<div class=\"wp-block-column is-layout-flow\">\n<h1 class=\"wp-block-heading\">Pr\u00e9sences discr\u00e8tes<\/h1>\n\n\n\n<h4 class=\"wp-block-heading\">Le petit peuple des sylves et des campagnes<\/h4>\n\n\n\n<p>Laissez vous prendre au jeu et donnez libre cours a votre imagination en parcourant ce livre.<\/p>\n\n\n\n<p>Vous y trouverez mati\u00e8re a r\u00e9flexion et puiserez en vous un ressenti peut \u00eatre jamais exprim\u00e9 en sillonnant ces campagnes et ces bois. Une approche diff\u00e9rente est a votre port\u00e9e. Elle vous permettra de d\u00e9couvrir sans doute des chevaliers errants, faunes et petits peuples des bois, satyres, f\u00e9es et lutins, et ainsi, aiguiser vos sens pour aborder ce petit monde avec un autre \u00e9tat d&rsquo;esprit. Notre r\u00eaverie int\u00e9rieure est d\u00e9bordante d&rsquo;initiatives qui lui est propre. Il suffit de la laisser vagabonder et partir sagement a la d\u00e9rive. Sans complexe. Vous serez r\u00e9compens\u00e9s par la somme des sentiments qui vous effleureront au cours de ces balades, ou tout simplement, lors de votre vie de tous les jours. M\u00eame la ville sera source d&rsquo;inspiration . Elle renferme suffisamment de verdure et grands parcs pour alerter votre curiosit\u00e9 et la tenir en \u00e9veil naturellement.<\/p>\n\n\n\n<p>L\u00e2chez vous, et, j&rsquo;oserai m\u00eame dire, reprenez vous\u2026Reprenez contact avec l&rsquo;enchantement et le sens cach\u00e9 de la nature et des choses.<\/p>\n\n\n\n<p class=\"has-text-align-center\"><span style=\"color:#d71409\" class=\"has-inline-color\"><span style=\"color:#d71409\" class=\"has-inline-color\"><strong>!!! Ce livre n&rsquo;est plus disponible !!!<\/strong><\/span><\/span><\/p>\n<\/div>\n\n\n\n<div class=\"wp-block-column is-layout-flow\">\n<figure class=\"wp-block-image size-full is-resized\"><img decoding=\"async\" loading=\"lazy\" src=\"https:\/\/i0.wp.com\/autourdulac.com\/editions\/wp-content\/uploads\/2018\/01\/couverture-1.jpg?resize=439%2C366&#038;ssl=1\" alt=\"Pr\u00e9sences discr\u00e8tes\" class=\"wp-image-112\" width=\"439\" height=\"366\" data-recalc-dims=\"1\" \/><\/figure>\n\n\n\n<p class=\"has-text-align-center has-normal-font-size\">Livre broch\u00e9, couleur, 166 pages &#8211; 20cm x 24cm<\/p>\n\n\n\n<p class=\"has-text-align-center has-normal-font-size\">Imprim\u00e9 en Bretagne avec des encres v\u00e9g\u00e9tales<br>sur du papier 100 % PEFC<\/p>\n\n\n\n<p><strong><em>Auteur<\/em><\/strong>&nbsp;: Patrick Bidron<\/p>\n\n\n\n<p><strong><em>ISBN<\/em><\/strong>&nbsp;: 979-10-94336-01-4<\/p>\n\n\n\n<p><strong><em>Parution<\/em><\/strong>&nbsp;: d\u00e9cembre 2016<\/p>\n\n\n\n<p><strong><em>Prix<\/em><\/strong>&nbsp;: 21,00\u20ac<\/p>\n\n\n\n<p class=\"has-text-align-center\"><\/p>\n\n\n\n<div class=\"wp-block-buttons is-content-justification-center is-layout-flex\">\n<div class=\"wp-block-button has-custom-font-size is-style-outline has-small-font-size\"><a class=\"wp-block-button__link has-ast-global-color-3-color has-text-color\" href=\"https:\/\/autourdulac.com\/editions\/nos-livres\/\" style=\"border-radius:10px\">Retourner au catalogue<\/a><\/div>\n<\/div>\n<\/div>\n<\/div>\n","protected":false},"excerpt":{"rendered":"<p>Pr\u00e9sences discr\u00e8tes Le petit peuple des sylves et des campagnes Laissez vous prendre au jeu et donnez libre cours a votre imagination en parcourant ce livre. Vous y trouverez mati\u00e8re a r\u00e9flexion et puiserez en vous un ressenti peut \u00eatre jamais exprim\u00e9 en sillonnant ces campagnes et ces bois. Une approche diff\u00e9rente est a votre [&hellip;]<\/p>\n","protected":false},"author":4,"featured_media":0,"parent":731,"menu_order":1,"comment_status":"closed","ping_status":"closed","template":"","meta":{"site-sidebar-layout":"default","site-content-layout":"","ast-site-content-layout":"default","site-content-style":"default","site-sidebar-style":"default","ast-global-header-display":"","ast-banner-title-visibility":"","ast-main-header-display":"","ast-hfb-above-header-display":"","ast-hfb-below-header-display":"","ast-hfb-mobile-header-display":"","site-post-title":"","ast-breadcrumbs-content":"","ast-featured-img":"","footer-sml-layout":"","ast-disable-related-posts":"","theme-transparent-header-meta":"","adv-header-id-meta":"","stick-header-meta":"","header-above-stick-meta":"","header-main-stick-meta":"","header-below-stick-meta":"","astra-migrate-meta-layouts":"default","ast-page-background-enabled":"default","ast-page-background-meta":{"desktop":{"background-color":"var(--ast-global-color-4)","background-image":"","background-repeat":"repeat","background-position":"center center","background-size":"auto","background-attachment":"scroll","background-type":"","background-media":"","overlay-type":"","overlay-color":"","overlay-opacity":"","overlay-gradient":""},"tablet":{"background-color":"","background-image":"","background-repeat":"repeat","background-position":"center center","background-size":"auto","background-attachment":"scroll","background-type":"","background-media":"","overlay-type":"","overlay-color":"","overlay-opacity":"","overlay-gradient":""},"mobile":{"background-color":"","background-image":"","background-repeat":"repeat","background-position":"center center","background-size":"auto","background-attachment":"scroll","background-type":"","background-media":"","overlay-type":"","overlay-color":"","overlay-opacity":"","overlay-gradient":""}},"ast-content-background-meta":{"desktop":{"background-color":"var(--ast-global-color-5)","background-image":"","background-repeat":"repeat","background-position":"center center","background-size":"auto","background-attachment":"scroll","background-type":"","background-media":"","overlay-type":"","overlay-color":"","overlay-opacity":"","overlay-gradient":""},"tablet":{"background-color":"var(--ast-global-color-5)","background-image":"","background-repeat":"repeat","background-position":"center center","background-size":"auto","background-attachment":"scroll","background-type":"","background-media":"","overlay-type":"","overlay-color":"","overlay-opacity":"","overlay-gradient":""},"mobile":{"background-color":"var(--ast-global-color-5)","background-image":"","background-repeat":"repeat","background-position":"center center","background-size":"auto","background-attachment":"scroll","background-type":"","background-media":"","overlay-type":"","overlay-color":"","overlay-opacity":"","overlay-gradient":""}},"jetpack_post_was_ever_published":false},"yoast_head":"<!-- This site is optimized with the Yoast SEO plugin v21.8.1 - https:\/\/yoast.com\/wordpress\/plugins\/seo\/ -->\n<title>Livre Pr\u00e9sences discr\u00e8tes - Autour du lac<\/title>\n<meta name=\"description\" content=\"Autour du lac - Page de pr\u00e9sentation du livre Pr\u00e9sences discr\u00e8tes, Le petit peuple des sylves et des campagnes\" \/>\n<meta name=\"robots\" content=\"index, follow, max-snippet:-1, max-image-preview:large, max-video-preview:-1\" \/>\n<link rel=\"canonical\" href=\"https:\/\/autourdulac.com\/editions\/nos-livres\/livre-presences-discretes\/\" \/>\n<meta property=\"og:locale\" content=\"fr_FR\" \/>\n<meta property=\"og:type\" content=\"article\" \/>\n<meta property=\"og:title\" content=\"Autour du lac\" \/>\n<meta property=\"og:description\" content=\"autourdulac.com\" \/>\n<meta property=\"og:url\" content=\"https:\/\/autourdulac.com\/editions\/nos-livres\/livre-presences-discretes\/\" \/>\n<meta property=\"og:site_name\" content=\"Autour du lac\" \/>\n<meta property=\"article:modified_time\" content=\"2021-12-15T01:54:08+00:00\" \/>\n<meta property=\"og:image\" content=\"https:\/\/autourdulac.com\/editions\/wp-content\/uploads\/2018\/01\/accueil.jpg\" \/>\n\t<meta property=\"og:image:width\" content=\"1920\" \/>\n\t<meta property=\"og:image:height\" content=\"1272\" \/>\n\t<meta property=\"og:image:type\" content=\"image\/jpeg\" \/>\n<meta name=\"twitter:card\" content=\"summary_large_image\" \/>\n<meta name=\"twitter:title\" content=\"Autour du lac\" \/>\n<meta name=\"twitter:description\" content=\"autourdulac.com\" \/>\n<meta name=\"twitter:image\" content=\"https:\/\/i0.wp.com\/autourdulac.com\/editions\/wp-content\/uploads\/2018\/01\/accueil.jpg?fit=1920%2C1272&ssl=1\" \/>\n<meta name=\"twitter:label1\" content=\"Dur\u00e9e de lecture estim\u00e9e\" \/>\n\t<meta name=\"twitter:data1\" content=\"2 minutes\" \/>\n<script type=\"application\/ld+json\" class=\"yoast-schema-graph\">{\"@context\":\"https:\/\/schema.org\",\"@graph\":[{\"@type\":[\"WebPage\",\"ItemPage\"],\"@id\":\"https:\/\/autourdulac.com\/editions\/nos-livres\/livre-presences-discretes\/\",\"url\":\"https:\/\/autourdulac.com\/editions\/nos-livres\/livre-presences-discretes\/\",\"name\":\"Livre Pr\u00e9sences discr\u00e8tes - Autour du lac\",\"isPartOf\":{\"@id\":\"https:\/\/autourdulac.com\/editions\/#website\"},\"datePublished\":\"2021-11-28T05:08:34+00:00\",\"dateModified\":\"2021-12-15T01:54:08+00:00\",\"description\":\"Autour du lac - Page de pr\u00e9sentation du livre Pr\u00e9sences discr\u00e8tes, Le petit peuple des sylves et des campagnes\",\"breadcrumb\":{\"@id\":\"https:\/\/autourdulac.com\/editions\/nos-livres\/livre-presences-discretes\/#breadcrumb\"},\"inLanguage\":\"fr-FR\",\"potentialAction\":[{\"@type\":\"ReadAction\",\"target\":[\"https:\/\/autourdulac.com\/editions\/nos-livres\/livre-presences-discretes\/\"]}]},{\"@type\":\"BreadcrumbList\",\"@id\":\"https:\/\/autourdulac.com\/editions\/nos-livres\/livre-presences-discretes\/#breadcrumb\",\"itemListElement\":[{\"@type\":\"ListItem\",\"position\":1,\"name\":\"autourdulac\",\"item\":\"https:\/\/autourdulac.com\/editions\/\"},{\"@type\":\"ListItem\",\"position\":2,\"name\":\"D\u00e9couvrez nos livres\",\"item\":\"https:\/\/autourdulac.com\/editions\/nos-livres\/\"},{\"@type\":\"ListItem\",\"position\":3,\"name\":\"Livre Pr\u00e9sences discr\u00e8tes\"}]},{\"@type\":\"WebSite\",\"@id\":\"https:\/\/autourdulac.com\/editions\/#website\",\"url\":\"https:\/\/autourdulac.com\/editions\/\",\"name\":\"Autour du lac\",\"description\":\"\",\"publisher\":{\"@id\":\"https:\/\/autourdulac.com\/editions\/#organization\"},\"potentialAction\":[{\"@type\":\"SearchAction\",\"target\":{\"@type\":\"EntryPoint\",\"urlTemplate\":\"https:\/\/autourdulac.com\/editions\/?s={search_term_string}\"},\"query-input\":\"required name=search_term_string\"}],\"inLanguage\":\"fr-FR\"},{\"@type\":\"Organization\",\"@id\":\"https:\/\/autourdulac.com\/editions\/#organization\",\"name\":\"autourdulac.com\",\"url\":\"https:\/\/autourdulac.com\/editions\/\",\"logo\":{\"@type\":\"ImageObject\",\"inLanguage\":\"fr-FR\",\"@id\":\"https:\/\/autourdulac.com\/editions\/#\/schema\/logo\/image\/\",\"url\":\"https:\/\/i1.wp.com\/autourdulac.com\/editions\/wp-content\/uploads\/2018\/01\/icone.gif?fit=80%2C150&ssl=1\",\"contentUrl\":\"https:\/\/i1.wp.com\/autourdulac.com\/editions\/wp-content\/uploads\/2018\/01\/icone.gif?fit=80%2C150&ssl=1\",\"width\":80,\"height\":150,\"caption\":\"autourdulac.com\"},\"image\":{\"@id\":\"https:\/\/autourdulac.com\/editions\/#\/schema\/logo\/image\/\"}}]}<\/script>\n<!-- \/ Yoast SEO plugin. -->","yoast_head_json":{"title":"Livre Pr\u00e9sences discr\u00e8tes - Autour du lac","description":"Autour du lac - Page de pr\u00e9sentation du livre Pr\u00e9sences discr\u00e8tes, Le petit peuple des sylves et des campagnes","robots":{"index":"index","follow":"follow","max-snippet":"max-snippet:-1","max-image-preview":"max-image-preview:large","max-video-preview":"max-video-preview:-1"},"canonical":"https:\/\/autourdulac.com\/editions\/nos-livres\/livre-presences-discretes\/","og_locale":"fr_FR","og_type":"article","og_title":"Autour du lac","og_description":"autourdulac.com","og_url":"https:\/\/autourdulac.com\/editions\/nos-livres\/livre-presences-discretes\/","og_site_name":"Autour du lac","article_modified_time":"2021-12-15T01:54:08+00:00","og_image":[{"width":1920,"height":1272,"url":"https:\/\/autourdulac.com\/editions\/wp-content\/uploads\/2018\/01\/accueil.jpg","type":"image\/jpeg"}],"twitter_card":"summary_large_image","twitter_title":"Autour du lac","twitter_description":"autourdulac.com","twitter_image":"https:\/\/i0.wp.com\/autourdulac.com\/editions\/wp-content\/uploads\/2018\/01\/accueil.jpg?fit=1920%2C1272&ssl=1","twitter_misc":{"Dur\u00e9e de lecture estim\u00e9e":"2 minutes"},"schema":{"@context":"https:\/\/schema.org","@graph":[{"@type":["WebPage","ItemPage"],"@id":"https:\/\/autourdulac.com\/editions\/nos-livres\/livre-presences-discretes\/","url":"https:\/\/autourdulac.com\/editions\/nos-livres\/livre-presences-discretes\/","name":"Livre Pr\u00e9sences discr\u00e8tes - Autour du lac","isPartOf":{"@id":"https:\/\/autourdulac.com\/editions\/#website"},"datePublished":"2021-11-28T05:08:34+00:00","dateModified":"2021-12-15T01:54:08+00:00","description":"Autour du lac - Page de pr\u00e9sentation du livre Pr\u00e9sences discr\u00e8tes, Le petit peuple des sylves et des campagnes","breadcrumb":{"@id":"https:\/\/autourdulac.com\/editions\/nos-livres\/livre-presences-discretes\/#breadcrumb"},"inLanguage":"fr-FR","potentialAction":[{"@type":"ReadAction","target":["https:\/\/autourdulac.com\/editions\/nos-livres\/livre-presences-discretes\/"]}]},{"@type":"BreadcrumbList","@id":"https:\/\/autourdulac.com\/editions\/nos-livres\/livre-presences-discretes\/#breadcrumb","itemListElement":[{"@type":"ListItem","position":1,"name":"autourdulac","item":"https:\/\/autourdulac.com\/editions\/"},{"@type":"ListItem","position":2,"name":"D\u00e9couvrez nos livres","item":"https:\/\/autourdulac.com\/editions\/nos-livres\/"},{"@type":"ListItem","position":3,"name":"Livre Pr\u00e9sences discr\u00e8tes"}]},{"@type":"WebSite","@id":"https:\/\/autourdulac.com\/editions\/#website","url":"https:\/\/autourdulac.com\/editions\/","name":"Autour du lac","description":"","publisher":{"@id":"https:\/\/autourdulac.com\/editions\/#organization"},"potentialAction":[{"@type":"SearchAction","target":{"@type":"EntryPoint","urlTemplate":"https:\/\/autourdulac.com\/editions\/?s={search_term_string}"},"query-input":"required name=search_term_string"}],"inLanguage":"fr-FR"},{"@type":"Organization","@id":"https:\/\/autourdulac.com\/editions\/#organization","name":"autourdulac.com","url":"https:\/\/autourdulac.com\/editions\/","logo":{"@type":"ImageObject","inLanguage":"fr-FR","@id":"https:\/\/autourdulac.com\/editions\/#\/schema\/logo\/image\/","url":"https:\/\/i1.wp.com\/autourdulac.com\/editions\/wp-content\/uploads\/2018\/01\/icone.gif?fit=80%2C150&ssl=1","contentUrl":"https:\/\/i1.wp.com\/autourdulac.com\/editions\/wp-content\/uploads\/2018\/01\/icone.gif?fit=80%2C150&ssl=1","width":80,"height":150,"caption":"autourdulac.com"},"image":{"@id":"https:\/\/autourdulac.com\/editions\/#\/schema\/logo\/image\/"}}]}},"jetpack_sharing_enabled":true,"jetpack_shortlink":"https:\/\/wp.me\/P9wg8J-cd","_links":{"self":[{"href":"https:\/\/autourdulac.com\/editions\/wp-json\/wp\/v2\/pages\/757"}],"collection":[{"href":"https:\/\/autourdulac.com\/editions\/wp-json\/wp\/v2\/pages"}],"about":[{"href":"https:\/\/autourdulac.com\/editions\/wp-json\/wp\/v2\/types\/page"}],"author":[{"embeddable":true,"href":"https:\/\/autourdulac.com\/editions\/wp-json\/wp\/v2\/users\/4"}],"replies":[{"embeddable":true,"href":"https:\/\/autourdulac.com\/editions\/wp-json\/wp\/v2\/comments?post=757"}],"version-history":[{"count":2,"href":"https:\/\/autourdulac.com\/editions\/wp-json\/wp\/v2\/pages\/757\/revisions"}],"predecessor-version":[{"id":1140,"href":"https:\/\/autourdulac.com\/editions\/wp-json\/wp\/v2\/pages\/757\/revisions\/1140"}],"up":[{"embeddable":true,"href":"https:\/\/autourdulac.com\/editions\/wp-json\/wp\/v2\/pages\/731"}],"wp:attachment":[{"href":"https:\/\/autourdulac.com\/editions\/wp-json\/wp\/v2\/media?parent=757"}],"curies":[{"name":"wp","href":"https:\/\/api.w.org\/{rel}","templated":true}]}}